3 = -i + 11. Suppose -4*h + i = -6. What is the units digit of h?
0
Suppose 0 = a + 5*d - 7 - 35, -2*a = -2*d - 60. What is the units digit of a?
2
Suppose -t - 4*i = 17, -4*t + 7*i = 2*i - 37. What is the units digit of t?
3
What is the units digit of 0 - 48/(3/(-1))?
6
Suppose -13*a + 8*a = -35. Let m(u) = -u + 14. What is the units digit of m(a)?
7
Suppose -2*m + 20 = 2*j, -3*j - 2*m + m + 24 = 0. Let r be -3 + (-7)/(j/46). Let k = r + 70. What is the units digit of k?
1
Let i be 0/3*(-1)/2. Suppose i = -o - 2*o + 51. What is the tens digit of o?
1
Suppose 0 = -4*c + 1183 - 239. What is the tens digit of c?
3
Suppose -g + 5*g = 20. What is the units digit of ((-18)/g)/(4/(-10))?
9
Let w = 0 + 2. Suppose -j = w*j - 9. Let p = j + 1. What is the units digit of p?
4
Let h = -10 + 5. Let a = h - -18. What is the units digit of a?
3
Suppose -4*q = -5*y + 1209, 2*y - q = -3*y + 1206. What is the units digit of y?
1
Let v(c) = 10 - 10*c + 2*c**2 - 3*c**2 + 2*c**2 + c. What is the units digit of v(10)?
0
Let r(d) = d - 1. Let u be r(4). Suppose 3*y = -2*y + u*n + 22, 0 = -n - 4. What is the units digit of y?
2
Suppose -4 = 2*o - 0*o. Let p = -1 - o. Suppose -3 - p = -z. What is the units digit of z?
4
Let k(l) = l - 1. What is the units digit of k(2)?
1
Let u = 8 + -7. Let w(m) = 2*m**3 - 5*m**2 + 3*m + 8. Let n(q) = -q**3 - q - 1. Let l(h) = u*w(h) + 3*n(h). What is the units digit of l(-5)?
5
Let x(v) = -4*v**2 - 22*v - 12. Let u be x(-5). Let n be (0 + 0 - 6)/(-2). Let a = n + u. What is the units digit of a?
1
Suppose -8*i + 7*i = -26. What is the tens digit of i?
2
Suppose -5*a = 273 - 683. What is the units digit of a?
2
Suppose 4*b - 14 - 14 = 0. Suppose b + 2 = 3*t. Suppose 2*a - 5*a = -t. What is the units digit of a?
1
Let v = 147 + -8. What is the tens digit of v?
3
Suppose -48 = -5*a + 2. Let v be (1/(-1))/((-2)/a). Let z(y) = y**3 - 4*y**2 - 4*y + 4. What is the units digit of z(v)?
9
Suppose a - 60 = 3*a. Let j = 15 + a. Let u = -11 - j. What is the units digit of u?
4
Let l be (-16)/6*(-18)/(-12). Let x be 14/8 + (-1)/l. What is the units digit of ((-1)/4)/(x/(-8))?
1
Let x(y) be the third derivative of y**5/60 - 5*y**4/24 - 5*y**3/6 + 2*y**2. What is the units digit of x(6)?
1
Let j = -3 + 1. Let i be 2 - (2 + 0 + j). Suppose -i*l - 2 + 14 = 0. What is the units digit of l?
6
Suppose 3*z = k + 4*k - 1076, -6 = -2*z. What is the tens digit of k?
1
Let k(r) = 17*r + 21. What is the hundreds digit of k(13)?
2
Suppose 5*b - 5*q + 0*q = 0, -4*q = -5*b. Let u be (-1)/(14/(-6) - -2). Suppose 5*z - 19 = -3*f - 0*z, -u*f - 2*z + 13 = b. What is the units digit of f?
3
Let l(j) = 2*j**3 - 3*j**2 + 4*j - 2. What is the units digit of l(2)?
0
Let c(h) = h**3 - h**2 - h + 2. Let q be c(2). Suppose 0*w = q*w - 116. What is the tens digit of w?
2
Let n be 6 + (-2 - 1) - 3. Suppose n = 5*v + 5 - 20. Suppose v*i + 8 = -p + 37, 2*i = p - 9. What is the tens digit of p?
1
What is the units digit of 1 + (-7)/(28/(-96))?
5
Let h(s) = 16*s - 1. Let g be h(2). Let u(q) = q**2 + 9*q - 2. Let n be u(-6). Let c = g + n. What is the units digit of c?
1
Let g(w) = w - 11. Let s be g(11). Suppose s = -0*b + 4*b - 48. What is the units digit of b?
2
Let z = -4 + -5. Let b be 3 - z - (4 - 2). What is the tens digit of (-2 + 6)/(2/b)?
2
Let v be 25/3 - 4/(-6). Let w = -17 + v. Let r = -2 - w. What is the units digit of r?
6
Let o(j) = -6*j. Let m be o(-1). Suppose i - 27 = c, -2*i - 4*c + 75 = c. What is the units digit of 108/i - m/10?
3
Suppose 0 = -11*j + 13*j - 88. What is the units digit of j?
4
Let t(p) = -p**3 - 7*p**2 - 8*p + 10. What is the units digit of t(-7)?
6
Suppose -5*q + 7*p = 4*p + 26, -4*p = -q - 12. Let f(w) = -12*w - 6. What is the units digit of f(q)?
2
Suppose -4*f - 59 = -3*g, 3*g - 2 - 12 = -5*f. What is the units digit of g?
3
Let x(z) = -z - 1. Let j be x(-1). Suppose j = 5*u + o - 3*o - 82, u - 11 = -5*o. What is the tens digit of u?
1
Suppose -5*p + 5*v = -0 - 10, -8 = -2*p + 3*v. What is the units digit of (-2 + 3 + p)*-5?
5
Let b = -323 - -465. What is the units digit of b?
2
Let f(u) = 8*u**2 - 5*u - 5. Let n(t) = t - 9. Let c be n(7). What is the tens digit of f(c)?
3
Let x(a) = a**3 - 2*a**2 - a - 1. Let k be x(3). Suppose 0 = -k*d + 2 + 3. Let q = 4 + d. What is the units digit of q?
5
Let t be (-44)/3 + 2/3. What is the tens digit of (-386)/(-14) - 6/t?
2
Suppose t - 3*j = 2*t - 2, 3*t - 6 = -j. What is the tens digit of 28/t + 6 + -8?
1
Let d(y) = -13*y - 35. What is the units digit of d(-6)?
3
Let t = 1 + -4. Let y = t + 7. Suppose 9*v - y*v - 30 = 0. What is the units digit of v?
6
Suppose i = -3*q + 2*q + 46, 3*q - 6 = 0. Suppose 3*n = 4*l - 3*l + 47, -i = -3*n + 4*l. What is the units digit of n?
6
Let v = 20 + -16. Suppose -36 = -4*m + 5*s, -v*s = 2*m + 2*m. What is the units digit of m?
4
What is the units digit of (-1)/7 + 7356/42?
5
Suppose -4*k - 3*z + 25 = 0, 4*k - 2*z - 22 = 8. What is the units digit of k?
7
Suppose -2*f - x - 8 = f, f + x + 2 = 0. Let n = 18 - f. What is the units digit of n?
1
Let k be (13 - 1)/3 + -2. Let m(n) = 4*n - 1. What is the units digit of m(k)?
7
What is the tens digit of ((-96)/(-18))/8 - (-256)/3?
8
Let o(i) = -i**3 - 11*i**2. Let f be o(-11). Suppose f = 3*b - 58 - 23. What is the units digit of b?
7
Suppose 9*u - 1372 = -5*u. What is the tens digit of u?
9
Let h be (3/(-2))/(3/44). Let z = -9 - h. What is the units digit of z?
3
Let b be (-76 + 2)/(2 - 4). Let w = b - 14. What is the units digit of w?
3
Let z be 5/((-75)/18)*-5. Suppose 15 = b - z. What is the units digit of b?
1
Suppose -3*g + 32 = -5*j, 17 = 3*g - 3*j - 7. Suppose g*w - 5 - 15 = 0. Suppose -5*d - w*q + 15 = 0, -4*d - 3*q = d - 11. What is the units digit of d?
1
Let u = 148 - 20. What is the hundreds digit of u?
1
Suppose 4*b + 13 = r + 90, 4*b = -5*r + 47. Let f = b + -11. What is the units digit of f?
7
Suppose 0 = 2*w - 1 - 5. Suppose f - 13 = 2*x, 2*f - 4*x - 41 = -w*f. Suppose -f*l + 102 = 2*s + s, 0 = -5*l + 4*s + 109. What is the units digit of l?
1
Suppose q + q + 1 = 5*p, -2*p = -2. What is the units digit of q/(2 + 24/(-15))?
5
Suppose 5*k - k = 3*o - 541, 710 = -5*k - 3*o. Let l = k + 196. Suppose 0*b - 3*b + l = 0. What is the units digit of b?
9
Let t = 8 - 4. Suppose 5 = 3*c - t. What is the units digit of c?
3
Let r(l) = -4*l**3 - l**2 + 2*l + 3. Let k(y) = -y**3 + y**2 + 1. Let p(z) = 5*k(z) - r(z). What is the units digit of p(3)?
3
Let u = -85 + 86. What is the units digit of u?
1
Suppose -49 = -5*r - 19. What is the units digit of r?
6
Let j be -2 + (-1 - -3) - -1. Let w(c) = -j - 3 + 6 + 2*c. What is the units digit of w(2)?
6
Suppose 5*p - 4*n - n - 100 = 0, -3*n = 5*p - 132. What is the tens digit of p?
2
Let f(u) be the first derivative of 3*u**2/2 + u + 4. What is the units digit of f(1)?
4
Let o = -1 - -3. What is the units digit of (0 - 5)*(-3 + o)?
5
Let y be 7/(-35) + 2/10. Let r = 2 - y. What is the units digit of r?
2
Suppose 2*k - 2 + 8 = 0. What is the tens digit of (k - -19)*(1 - 0)?
1
Let m be 11*((-9)/3 + 2). Let o = 17 + m. What is the units digit of o?
6
Suppose 5*v = 3*v + 3*c + 138, -2*v + 130 = -5*c. What is the units digit of v?
5
Let s(i) = i**3 + 5*i**2 + 3*i - 4. Let y be s(-4). Suppose -l = -y*l - 18. What is the tens digit of l?
1
Suppose 11 - 37 = -w. What is the units digit of w?
6
Suppose d + 0 = 3*r + 6, 0 = -d + 2*r + 11. Suppose d = 2*p - 5. What is the tens digit of p?
1
Suppose 3*i = 2*a + a + 21, 0 = 3*a - 4*i + 17. Let u = -8 - a. Suppose -4*c = -s - 33, -5*c + u*s + 27 = -2*c. What is the units digit of c?
8
Let i = 11 + -17. Let g = i + 26. What is the units digit of g?
0
Let b(u) be the first derivative of u**4/4 + 2*u**3 - 4*u**2 - 6*u + 7. What is the units digit of b(-7)?
1
Let k(w) = w**3 - 3*w**2 + 2*w - 2. Suppose -2*r + 4*r = 6. Let y be k(r). Suppose 5*a - 55 = 5*c, 2*a - 4*a = y*c - 22. What is the units digit of a?
1
Suppose -3*r + 96 = 5*w, 3*w = -r - r + 57. What is the tens digit of (22/(-6))/((-7)/w)?
1
Suppose f - 240 = -5*f. What is the units digit of f?
0
Let t(x) = x - 8. Let w be t(13). Suppose -133 = -w*n - 38. What is the units digit of n?
9
Let p(a) be the second derivative of a**5/20 - 7*a**4/12 - a**3 - 9*a**2/2 + 2*a. Let k be 